 7 a factor of 93982?
True
Is 7873380 a multiple of 558?
True
Is 324380 a multiple of 3?
False
Is 64 a factor of 4073792?
True
Does 252 divide 26186580?
True
Is 579328 a multiple of 128?
True
Is 20 a factor of 93480?
True
Is 409 a factor of 68611?
False
Is 101902 a multiple of 35?
False
Is 48950 a multiple of 46?
False
Is 222 a factor of 4226358?
False
Is 203418 a multiple of 17?
False
Is 49 a factor of 448625?
False
Is 3437604 a multiple of 411?
True
Does 30 divide 612330?
True
Is 4198110 a multiple of 35?
True
Is 44208 a multiple of 9?
True
Does 429 divide 84513?
True
Is 10495 a multiple of 143?
False
Does 17 divide 2989841?
True
Is 47 a factor of 901554?
True
Does 5 divide 153755?
True
Is 21 a factor of 604296?
True
Is 61768 a multiple of 14?
True
Is 3023618 a multiple of 94?
False
Is 174 a factor of 2215139?
False
Does 28 divide 188412?
True
Is 18 a factor of 466457?
False
Is 144 a factor of 1152864?
True
Is 9 a factor of 1541205?
True
Is 835928 a multiple of 226?
False
Does 14 divide 27759?
False
Is 225711 a multiple of 38?
False
Is 18 a factor of 176270?
False
Is 366 a factor of 2647644?
True
Is 3066 a factor of 7165181?
False
Is 9 a factor of 13464?
True
Is 444 a factor of 5288345?
False
Does 9 divide 20980693?
False
Is 333 a factor of 1649016?
True
Is 121 a factor of 172002?
False
Is 18665 a multiple of 20?
False
Is 50 a factor of 11420846?
False
Is 1250476 a multiple of 306?
False
Does 214 divide 7070?
False
Is 118200 a multiple of 591?
True
Does 140 divide 638120?
True
Is 2299732 a multiple of 980?
False
Does 109 divide 17357?
False
Is 42 a factor of 683830?
False
Is 1189144 a multiple of 88?
True
Is 120466 a multiple of 18?
False
Is 135200 a multiple of 50?
True
Does 69 divide 6301364?
False
Is 5491848 a multiple of 138?
True
Does 26 divide 609226?
False
Is 517513 a multiple of 29?
False
Does 4 divide 484520?
True
Is 143190 a multiple of 185?
True
Is 9 a factor of 2093?
False
Is 1866243 a multiple of 783?
False
Is 5 a factor of 66400?
True
Is 5633699 a multiple of 2010?
False
Does 2 divide 44707?
False
Does 44 divide 99044?
True
Is 86 a factor of 486897?
False
Is 47 a factor of 2986193?
False
Is 140 a factor of 1386066?
False
Is 137 a factor of 1586468?
False
Is 1327968 a multiple of 108?
True
Does 987 divide 9687405?
True
Is 1723680 a multiple of 112?
True
Does 75 divide 513577?
False
Is 20 a factor of 2232047?
False
Does 185 divide 204457?
False
Is 17 a factor of 2686?
True
Does 6 divide 5358?
True
Is 83764 a multiple of 16?
False
Is 4 a factor of 32216?
True
Is 168784 a multiple of 44?
True
Is 48576 a multiple of 46?
True
Is 5129828 a multiple of 1507?
True
Does 953 divide 4468617?
True
Does 68 divide 1094120?
True
Does 20 divide 3228506?
False
Does 157 divide 53694?
True
Is 183098 a multiple of 19?
False
Does 10 divide 1877490?
True
Does 23 divide 8812226?
False
Is 2 a factor of 5146?
True
Is 10443216 a multiple of 12?
True
Is 51 a factor of 1416114?
False
Is 6248384 a multiple of 17?
True
Is 142186 a multiple of 23?
True
Does 130 divide 2520310?
True
Is 3 a factor of 11753?
False
Does 142 divide 4287?
False
Is 3104 a multiple of 7?
False
Does 75 divide 679135?
False
Does 30 divide 200850?
True
Is 20 a factor of 290220?
True
Is 27484100 a multiple of 2450?
True
Is 9281 even?
False
Is 11890 a multiple of 41?
True
Is 1969977 a multiple of 125?
False
Is 4 a factor of 766982?
False
Is 64 a factor of 301056?
True
Is 3393642 a multiple of 238?
True
Is 376 a factor of 8670184?
True
Is 1552 a factor of 8660160?
True
Does 59 divide 5572314?
True
Does 52 divide 26860?
False
Does 29 divide 4332135?
False
Does 4 divide 110336?
True
Is 798 a factor of 351937?
False
Is 6 a factor of 15078?
True
Is 449 a factor of 21459057?
True
Is 798471 a multiple of 117?
False
Is 1451372 a multiple of 226?
True
Is 22 a factor of 11088?
True
Does 656 divide 1971602?
False
Does 86 divide 772539?
False
Is 12 a factor of 760896?
True
Is 832856 a multiple of 296?
False
Does 121 divide 2326364?
False
Is 186912 a multiple of 4?
True
Does 16 divide 1616224?
True
Is 1588140 a multiple of 153?
True
Is 75002 a multiple of 9?
False
Is 20 a factor of 200851?
False
Is 1145410 a multiple of 23?
False
Is 35 a factor of 29986?
False
Is 454 a factor of 137025?
False
Is 18 a factor of 2449074?
False
Does 57 divide 139935?
True
Is 51448 a multiple of 236?
True
Is 439 a factor of 3322858?
False
Does 174 divide 632316?
True
Is 195 a factor of 317655?
True
Is 43828 a multiple of 11?
False
Is 223710 a multiple of 30?
True
Is 9 a factor of 88216?
False
Is 1293980 a multiple of 10?
True
Is 1582700 a multiple of 10?
True
Does 61 divide 5227496?
False
Is 44 a factor of 25611?
False
Does 44 divide 607255?
False
Does 2 divide 55407?
False
Is 27057 a multiple of 3?
True
Is 1940706 a multiple of 5?
False
Is 604317 a multiple of 7?
True
Is 224 a factor of 205450?
False
Does 50 divide 32550?
True
Does 504 divide 448560?
True
Is 59 a factor of 18885841?
True
Does 23 divide 114563?
True
Is 119899 a multiple of 144?
False
Does 28 divide 18239?
False
Is 5339702 a multiple of 1180?
False
Is 33 a factor of 18513?
True
Is 1498731 a multiple of 862?
False
Is 8648385 a multiple of 895?
True
Does 278 divide 397526?
False
Is 2519518 a multiple of 23?
False
Is 9 a factor of 561006?
True
Is 2505668 a multiple of 36?
False
Is 92820 a multiple of 595?
True
Does 14 divide 2974664?
True
Does 90 divide 458042?
False
Does 2618 divide 10858310?
False
Is 1778 a multiple of 14?
True
Is 255681 a multiple of 32?
False
Is 21 a factor of 6288576?
True
Is 339949 a multiple of 25?
False
Is 301 a factor of 32745790?
True
Is 111848 a multiple of 18?
False
Does 436 divide 235718?
False
Does 10 divide 21242?
False
Is 652 a factor of 1425924?
True
Is 9 a factor of 399753?
True
Is 38 a factor of 622668?
True
Does 42 divide 3308970?
True
Does 4 divide 253067?
False
Is 42 a factor of 213948?
True
Does 13 divide 12831819?
True
Does 9 divide 281?
False
Is 29 a factor of 487055?
True
Is 6310971 a multiple of 70?
False
Does 70 divide 2260164?
False
Is 28 a factor of 448208?
False
Is 30 a factor of 1053000?
True
Is 234 a factor of 787644?
True
Is 2667136 a multiple of 128?
True
Is 2093516 a multiple of 4?
True
Is 1889482 a multiple of 39?
False
Is 23685 a multiple of 2?
False
Is 41055 a multiple of 255?
True
Is 57 a factor of 2333892?
False
Is 146798 a multiple of 29?
True
Is 13 a factor of 4503888?
False
Does 4 divide 3062454?
False
Is 198 a factor of 818125?
False
Is 202 a factor of 1086962?
True
Does 150 divide 7203150?
True
Is 5 a factor of 6276?
False
Does 9 divide 281943?
True
Is 2910705 a multiple of 399?
True
Is 146562 a multiple of 13?
True
Does 41 divide 96413?
False
Is 195818 a multiple of 142?
True
Does 949 divide 5084?
False
Does 51 divide 2256801?
True
Is 474176 a multiple of 124?
True
Is 25949964 a multiple of 211?
False
Is 242 a factor of 1479830?
True
Does 52 divide 3710356?
True
Is 1126236 a multiple of 508?
True
Is 10 a factor of 622715?
False
Is 58 a factor of 6531605?
False
Is 264 a factor of 85536?
True
Is 2111248 a multiple of 803?
False
Does 47 divide 3354136?
False
Is 81339 a multiple of 19?
True
Is 463862 a multiple of 14?
True
Is 92 a factor of 104972?
True
Does 93 divide 1718813?
False
Is 4232444 a multiple of 188?
True
Is 424 a factor of 3492996?
False
Is 24857 a multiple of 34?
False
Does 62 divide 1410961?
False
Is 257 a factor of 117192?
True
Is 95185 a multiple of 14?
False
Is 305558 a multiple of 38?
True
Is 21222 a multiple of 6?
True
Is 40131 a multiple of 13?
True
Is 63 a factor of 524617?
False
Does 65 divide 12041315?
True
Is 11 a factor of 2326598?
False
Is 391511 a multiple of 294?
False
Does 9 divide 912333?
False
Does 29 divide 7917?
True
Is 10 a factor of 431890?
True
Is 28 a factor of 512540?
True
Is 399980 a multiple of 339?
False
Does 28 divide 16982?
False
Is 6 a factor of 1569054?
True
Does 18 divide 317699?
False
Is 403 a factor of 1407276?
True
Is 191268 a multiple of 63?
True
Is 11 a factor of 1828189?
True
Is 572800 a multiple of 25?
True
Does 21 divide 6124545?
True
Does 255 divide 426360?
True
Is 60489 a multiple of 9?
True
Does 18 divide 5814?
True
Is 17804 a multiple of 40?
False
Is 14 a factor of 3701?
False
Does 2876 divide 21919385?
False
Is 30143 a multiple of 9?
Fa